he prime factors of 78527.
19, 4133
What are the prime factors of 423?
3, 47
List the prime factors of 3263.
13, 251
What are the prime factors of 529?
23
List the prime factors of 16298.
2, 29, 281
What are the prime factors of 2565?
3, 5, 19
List the prime factors of 35413.
7, 5059
List the prime factors of 1518.
2, 3, 11, 23
List the prime factors of 4538.
2, 2269
List the prime factors of 9216.
2, 3
What are the prime factors of 65191?
7, 67, 139
What are the prime factors of 3874?
2, 13, 149
What are the prime factors of 14324?
2, 3581
List the prime factors of 471.
3, 157
What are the prime factors of 9304?
2, 1163
List the prime factors of 4676.
2, 7, 167
List the prime factors of 57235.
5, 11447
What are the prime factors of 605?
5, 11
List the prime factors of 8730.
2, 3, 5, 97
What are the prime factors of 1613?
1613
List the prime factors of 34074.
2, 3, 631
List the prime factors of 2660.
2, 5, 7, 19
What are the prime factors of 1547?
7, 13, 17
What are the prime factors of 20212?
2, 31, 163
What are the prime factors of 11554?
2, 53, 109
What are the prime factors of 39322?
2, 19661
List the prime factors of 17096.
2, 2137
What are the prime factors of 952?
2, 7, 17
List the prime factors of 11986.
2, 13, 461
What are the prime factors of 23758?
2, 7, 1697
What are the prime factors of 2807?
7, 401
What are the prime factors of 17236?
2, 31, 139
What are the prime factors of 6209?
7, 887
List the prime factors of 9753.
3, 3251
What are the prime factors of 395?
5, 79
List the prime factors of 28754.
2, 11, 1307
What are the prime factors of 46902?
2, 3, 7817
What are the prime factors of 452?
2, 113
List the prime factors of 44395.
5, 13, 683
What are the prime factors of 636?
2, 3, 53
List the prime factors of 1043.
7, 149
List the prime factors of 115.
5, 23
List the prime factors of 2191.
7, 313
List the prime factors of 4488.
2, 3, 11, 17
What are the prime factors of 714?
2, 3, 7, 17
List the prime factors of 42366.
2, 3, 23, 307
What are the prime factors of 2453?
11, 223
List the prime factors of 62813.
23, 2731
What are the prime factors of 690?
2, 3, 5, 23
What are the prime factors of 2396?
2, 599
List the prime factors of 8130.
2, 3, 5, 271
What are the prime factors of 2641?
19, 139
List the prime factors of 1066.
2, 13, 41
List the prime factors of 110538.
2, 3, 23, 89
What are the prime factors of 16177?
7, 2311
What are the prime factors of 53299?
53299
What are the prime factors of 398?
2, 199
List the prime factors of 92395.
5, 17, 1087
What are the prime factors of 55765?
5, 19, 587
List the prime factors of 1589.
7, 227
List the prime factors of 24370.
2, 5, 2437
What are the prime factors of 27725?
5, 1109
List the prime factors of 12485.
5, 11, 227
What are the prime factors of 2721?
3, 907
List the prime factors of 93581.
93581
What are the prime factors of 9043?
9043
What are the prime factors of 47311?
11, 17, 23
List the prime factors of 762.
2, 3, 127
List the prime factors of 8385.
3, 5, 13, 43
What are the prime factors of 14693?
7, 2099
What are the prime factors of 9516?
2, 3, 13, 61
What are the prime factors of 76466?
2, 13, 17, 173
List the prime factors of 403.
13, 31
List the prime factors of 1021.
1021
What are the prime factors of 388?
2, 97
What are the prime factors of 2995?
5, 599
List the prime factors of 1689.
3, 563
List the prime factors of 1797.
3, 599
What are the prime factors of 2877?
3, 7, 137
What are the prime factors of 1109?
1109
List the prime factors of 27600.
2, 3, 5, 23
What are the prime factors of 425?
5, 17
List the prime factors of 934.
2, 467
List the prime factors of 1041.
3, 347
What are the prime factors of 65?
5, 13
What are the prime factors of 1416?
2, 3, 59
What are the prime factors of 34455?
3, 5, 2297
List the prime factors of 361.
19
List the prime factors of 9350.
2, 5, 11, 17
What are the prime factors of 14224?
2, 7, 127
List the prime factors of 6945.
3, 5, 463
List the prime factors of 5919.
3, 1973
What are the prime factors of 21995?
5, 53, 83
List the prime factors of 3664.
2, 229
What are the prime factors of 68655?
3, 5, 23, 199
What are the prime factors of 15324?
2, 3, 1277
List the prime factors of 745.
5, 149
What are the prime factors of 61590?
2, 3, 5, 2053
What are the prime factors of 9365?
5, 1873
List the prime factors of 145204.
2, 31, 1171
What are the prime factors of 26402?
2, 43, 307
List the prime factors of 680.
2, 5, 17
List the prime factors of 3904.
2, 61
List the prime factors of 254.
2, 127
List the prime factors of 413.
7, 59
What are the prime factors of 20754?
2, 3, 1153
List the prime factors of 3266.
2, 23, 71
What are the prime factors of 1370?
2, 5, 137
What are the prime factors of 1847?
1847
List the prime factors of 722.
2, 19
What are the prime factors of 37289?
7, 761
List the prime factors of 22958.
2, 13, 883
List the prime factors of 2452.
2, 613
List the prime factors of 104.
2, 13
List the prime factors of 18739.
7, 2677
What are the prime factors of 31376?
2, 37, 53
List the prime factors of 50510.
2, 5, 5051
What are the prime factors of 4876?
2, 23, 53
List the prime factors of 6233.
23, 271
List the prime factors of 62528.
2, 977
What are the prime factors of 177?
3, 59
What are the prime factors of 525?
3, 5, 7
What are the prime factors of 8990?
2, 5, 29, 31
What are the prime factors of 74918?
2, 47, 797
What are the prime factors of 951?
3, 317
List the prime factors of 41028.
2, 3, 13, 263
List the prime factors of 46994.
2, 23497
List the prime factors of 48.
2, 3
List the prime factors of 58430.
2, 5, 5843
List the prime factors of 95980.
2, 5, 4799
List the prime factors of 7641.
3, 283
What are the prime factors of 63149?
63149
List the prime factors of 3.
3
List the prime factors of 4994.
2, 11, 227
What are the prime factors of 4459?
7, 13
List the prime factors of 1302.
2, 3, 7, 31
List the prime factors of 7743.
3, 29, 89
List the prime factors of 1320.
2, 3, 5, 11
What are the prime factors of 233?
233
List the prime factors of 3040.
2, 5, 19
What are the prime factors of 41448?
2, 3, 11, 157
List the prime factors of 2075.
5, 83
List the prime factors of 7274.
2, 3637
List the prime factors of 38464.
2, 601
What are the prime factors of 22395?
3, 5, 1493
List the prime factors of 101324.
2, 73, 347
List the prime factors of 35520.
2, 3, 5, 37
What are the prime factors of 3600?
2, 3, 5
List the prime factors of 2315.
5, 463
List the prime factors of 41661.
3, 1543
List the prime factors of 1199.
11, 109
List the prime factors of 3170.
2, 5, 317
List the prime factors of 9168.
2, 3, 191
List the prime factors of 3092.
2, 773
What are the prime factors of 90513?
3, 89, 113
List the prime factors of 1650.
2, 3, 5, 11
What are the prime factors of 56?
2, 7
List the prime factors of 4610.
2, 5, 461
List the prime factors of 2328.
2, 3, 97
What are the prime factors of 3507?
3, 7, 167
List the prime factors of 92.
2, 23
What are the prime factors of 10704?
2, 3, 223
List the prime factors of 18386.
2, 29, 317
What are the prime factors of 1921?
17, 113
List the prime factors of 2352.
2, 3, 7
What are the prime factors of 29345?
5, 5869
List the prime factors of 2251.
2251
List the prime factors of 5937.
3, 1979
What are the prime factors of 96939?
3, 10771
What are the prime factors of 6049?
23, 263
List the prime factors of 171775.
5, 6871
List the prime factors of 32715.
3, 5, 727
List the prime factors of 42109.
17, 2477
What are the prime factors of 1735?
5, 347
List the prime factors of 33587.
33587
What are the prime factors of 2404?
2, 601
List the prime factors of 37031.
19, 1949
List the prime factors of 1406.
2, 19, 37
List the prime factors of 20949.
3, 6983
List the prime factors of 89864.
2, 47, 239
List the prime factors of 141.
3, 47
What are the prime factors of 1504?
2, 47
List the prime factors of 16014.
2, 3, 17, 157
What are the prime factors of 489?
3, 163
What are the prime factors of 13543?
29, 467
What are the prime factors of 107226?
2, 3, 7, 23, 37
List the prime factors of 776.
2, 97
List the prime factors of 4455.
3, 5, 11
What are the prime factors of 4024?
2, 503
List the prime factors of 13931.
13931
What are the prime factors of 2015?
5, 13, 31
What are the pri